e f - 4*f - h = -j, 4*f + j + 51 = 0. Let w = f - -53. What is the tens digit of w?
4
Let p(h) = -h**2 - 247*h + 1271. What is the hundreds digit of p(-137)?
3
Let a(x) be the first derivative of 3*x - 24 + 0 + 2*x**3 - 12 - 3*x**2. What is the tens digit of a(-5)?
8
Suppose -6*g + 10*g + 2*a = 8936, 0 = g - a - 2231. What is the tens digit of g?
3
Let b(i) = 202*i**2 + 36*i - 98. What is the units digit of b(3)?
8
Let b(u) = u**3 + 12*u**2 - 6*u + 11. Let q be b(-5). Suppose -3*h - 6*x + x - 31 = 0, -h - 7 = x. What is the tens digit of ((-3)/h)/(436/q - 2)?
8
Let k(y) = -y**2 - 16*y - 44. Let u be k(-8). What is the tens digit of ((-27)/(-9) + 6/(-8))*u?
4
Let d = 261 - 135. Suppose 6*j = 3*j + d. Suppose j*c - 20 = 37*c. What is the units digit of c?
4
Let q be 2/(3/(-78)*2). Let a(d) = -119*d - 19. Let y be a(-1). Let l = y + q. What is the tens digit of l?
7
Let o = 8 + -3. Suppose 3*w = -4*q + 61, -4*w + 3*w - o*q + 13 = 0. Suppose -21*p - 162 = -w*p. What is the tens digit of p?
8
Let r be (-974)/8 + (1 - -4)/(-20). Let w = 350 + r. Let g = 450 - w. What is the hundreds digit of g?
2
Suppose -v - 64 = -21. Let i = v + 45. Suppose a + i*w = 113, -5*w + 4*w = -5*a + 532. What is the tens digit of a?
0
Let s = 17226 + 24970. What is the tens digit of s?
9
Suppose 4*y - 54751 = -5*o, 415*o - 2*y - 54727 = 410*o. What is the ten thousands digit of o?
1
Let m(d) = d**3 + 31*d**2 + 66*d + 52. Let b be m(-21). Suppose -2*q = -2*o - 3*q + 1536, -4*o - 4*q = -b. What is the hundreds digit of o?
7
Let q = -242 - -4099. What is the units digit of q?
7
Let q = 3348 - 1547. Let x = q - 860. What is the units digit of x?
1
Let n(l) = 416*l**3 + 3*l**2 - 36*l + 6. What is the hundreds digit of n(4)?
5
Let r be (-16)/(-8)*14/4. Suppose 10*b - r*b = 54. Suppose -73 + b = -5*o. What is the tens digit of o?
1
Let n(q) = -q**2 + 10*q - 9. Let i be n(7). What is the hundreds digit of ((-976)/i)/((20/(-18))/5)?
3
Suppose 21960 = 22*f - 14*f. Suppose 8*i = f + 2175. What is the tens digit of i?
1
Suppose 59 = 2*x + 219. Let f = 62 + x. What is the units digit of (-9 - -43)*f/(-4)?
3
Let s = -33182 + 61393. What is the ten thousands digit of s?
2
Let l(d) = d**2 + 20*d + 68. Let g be l(-16). Suppose g*o = -3*o + 917. What is the hundreds digit of o?
1
Let m(a) be the first derivative of -13*a**2/2 - 5*a - 13. Suppose h + 1 = 3*i - 20, 0 = h + 4*i - 14. What is the tens digit of m(h)?
7
Suppose -3 = -5*i + 12. Suppose i*b = 2*f - 59 + 463, 271 = 2*b - f. Let o = b - 38. What is the units digit of o?
0
Let t = -29 + 32. Suppose -35 = -2*p + 5*y, 10*p = 5*p + 4*y + 45. Suppose -2*r + 10 + 17 = t*d, r = p*d - 32. What is the units digit of d?
7
Let p be (6 + 132/(-20))*-15. Let l(i) = 17*i**2 + 11*i - 69. What is the tens digit of l(p)?
0
Let d = 2773 + -1813. Suppose 0 = 9*s - 3*s + d. What is the tens digit of (6/(-8))/(324/s - -2)?
3
What is the hundreds digit of (1818/(-909))/(9830/(-9828) - -1)?
8
Suppose 10*m - 36829 = -8959. What is the thousands digit of m?
2
Let h(t) = -t**2 + 23*t + 13. Let l be h(22). Let x = l - 27. What is the tens digit of (2*38/x)/((-2)/(-20))?
9
What is the tens digit of (5251/(-178))/(6/(-5472))?
0
Suppose -5*u + 588 = -3*z, 5*u - 119 = 4*u + 2*z. Let g = -644 + 885. Let h = g - u. What is the hundreds digit of h?
1
Suppose a = -5*h + 8271 - 1885, 0 = 3*a - 2*h - 19192. What is the units digit of a?
6
What is the thousands digit of (0/7 - -3) + 24939/9?
2
Let c(f) = f**3 + 13*f**2 - 5*f - 9. Let l be (-1 + 4 - 2)*-11. What is the units digit of c(l)?
8
Suppose -30*o + 258 = -29*o. Let x = 180 + o. What is the hundreds digit of x?
4
Suppose 0 = -248*q + 251*q - 16254. What is the units digit of q?
8
Let k be (-52)/156 - 58/(-3). Suppose t = 3*g + 435, -5*t = -k*g + 23*g - 2080. What is the hundreds digit of t?
4
What is the hundreds digit of (25 + 1634)*(-4)/(-3)?
2
Let u(s) = 14445*s**2 + 16*s + 8. What is the thousands digit of u(-2)?
7
Suppose o = -2*k + 5942, 103*k - 102*k = -2. What is the tens digit of o?
4
Let l = -19773 + 24177. What is the hundreds digit of l?
4
Suppose -8*b + 2674 = -582. Suppose 1296 = -b*c + 410*c. What is the hundreds digit of c?
4
Let v(g) = -3*g**3 - 3*g**2 + 5*g - 18. Let r be v(-6). Suppose 5*i - 223 = p + 574, 3*i + 4*p - r = 0. What is the hundreds digit of 0 - i/(-2 + (1 - 0))?
1
Let g(w) = 299*w**2 - 31*w - 93. Let a(l) = 747*l**2 - 78*l - 231. Let u(f) = 5*a(f) - 12*g(f). What is the tens digit of u(-3)?
3
Let w = 6 - -31. Suppose w*n - 18213 = 24*n. What is the thousands digit of n?
1
Let w be -678*(198/(-27) + 7). Let t = -211 + w. What is the units digit of t?
5
Let h(f) = f**2 - 2*f + 15. Let a be h(0). Suppose 36*r - 7833 = a*r. What is the tens digit of r?
7
Let a(r) = 86*r**2 - 9*r + 38. Let o be a(4). Suppose -12303 = -19*v - o. What is the hundreds digit of v?
5
Let w(y) = -11*y - 20. Let b(k) = 4*k + 7. Let s(c) = -17*b(c) - 6*w(c). Let o = -819 + 815. What is the units digit of s(o)?
9
Suppose -996*n + 12914989 + 6476941 = -341*n. What is the hundreds digit of n?
6
Suppose -1811 = -11*r + 10*r - 3*a, -2*r = -2*a - 3582. Suppose 11*t = -201 + r. What is the tens digit of t?
4
Let q(k) = 113*k**2 + 16*k + 6. What is the units digit of q(6)?
0
Let i(u) = 168*u - 281. Suppose 7*q = 9*q - 14. What is the units digit of i(q)?
5
Let c(p) = 17*p**2 + 36*p + 12. Let u be c(12). Suppose -6*m - 6*m + u = 0. What is the hundreds digit of m?
2
Suppose -5*o - 2*l = -14, 4*o + o - 2*l - 6 = 0. Let u be 5 + -14 + 188 + -5. Suppose 0 = 4*t - o*t - u. What is the units digit of t?
7
What is the hundreds digit of 4/(-9) + (138464875/(-171))/(-25)?
3
Let p(a) be the third derivative of 19*a**5/40 - a**4/6 + 7*a**3/6 - 2*a**2. Let r(n) be the first derivative of p(n). What is the units digit of r(1)?
3
Suppose 2*x = -2*x - 4*h + 380, -2*x + 180 = -3*h. Let y = 38 - x. What is the units digit of 4/22 + (-540)/y?
0
Let g(o) = -4*o**3 + 13*o**2 - 7*o - 14. Let q(u) = u**3 - u**2 + 1. Let m(t) = g(t) + 3*q(t). Let d be m(8). Let l = 0 + d. What is the tens digit of l?
6
Let s = 4452 - 2508. Suppose -5*i + s = 269. What is the hundreds digit of i?
3
Let y be (-1)/(((-5)/(-25))/(-1)). Suppose -5*p = -4*j - 4059, 0 = -y*p - 4*j - 1316 + 5407. Suppose 0 = 4*u + u - p. What is the units digit of u?
3
Let v be ((-1)/(-3))/((-4)/((-480)/4)). Let x be ((-6)/v - 12/30) + 152. Let c = -24 + x. What is the tens digit of c?
2
Suppose 41*x - 36*x + 90 = 0. Suppose 0 = -5*m + s - 205, -225 = m + 4*m - 5*s. Let c = x - m. What is the tens digit of c?
2
Let j = 802 - -24. Let w = j + -548. What is the tens digit of w?
7
Suppose 7*m - 11 = 38. Suppose m*y = 60 + 556. What is the tens digit of y?
8
Let d(w) = w**2 - 10. Let m(q) = -q**2 - 9*q - 4. Let k be m(-7). Let c be d(k). Suppose 3*y = 3*g + 142 - 52, c = 4*y + 2*g. What is the tens digit of y?
2
Suppose -24338 = -f - 6062. What is the tens digit of f?
7
Let c(a) = -15 + 9*a - 3 - 6*a**2 - 3*a**2 + 15*a**2 + 3*a**3. What is the tens digit of c(3)?
4
Suppose 38*s = 26*s - 60. What is the units digit of (-5516)/(-8) + s/(-2)?
2
Suppose 186 = -3*u - 3*r - 135, 0 = 5*r + 10. Let g = u - -209. Let z = 305 - g. What is the units digit of z?
1
Let r(o) = -4*o + 9. Let k be r(-11). Let w = 26 - 25. What is the units digit of w + k/3*3?
4
Let f = -15 + 18. Suppose -v - 1904 = -6*v - f*m, 0 = -v + m + 376. Suppose -2*x + 170 = 5*c - c, -5*c - v = -4*x. What is the tens digit of x?
9
Let o = -1049 - -1732. What is the hundreds digit of o?
6
Let r = 16836 - 9100. What is the thousands digit of r?
7
Suppose -4*i = z - 0*i - 423, 1255 = 3*z + 5*i. Suppose 0 = -l + 3, -4*x + 2*l + 299 = -z. What is the tens digit of x?
8
Let n be (-6987)/(-15) + 3/15. Suppose -834 = -n*q + 464*q. What is the tens digit of q?
1
Suppose 311 = -2*t + 6*t - 3*w, w + 78 = t. Suppose -54*b + 59 = -49. Suppose -f = -b*f + t. What is the units digit of f?
7
Let s = 4024 + -365. What is the units digit of s?
9
Let w(z) = -z**3 - 7*z**2 - z + 27. Let t be w(-7). Suppose -5*y + 4*r + 3315 = 0, -5*r + 9 = t. What is the units digit of y?
9
Let k(i) = -69*i + 446. Let y be k(6). Let q be ((-99)/(-6))/((-6)/(-8)). Let z = y - q. What is the tens digit of z?
1
Let j(q) = -223*q - 18. Suppose -3*m = 4*z + 10, 1 